r when 2065196 is divided by 266?
238
What is the remainder when 479392 is divided by 603?
7
Calculate the remainder when 5217424 is divided by 135.
79
Calculate the remainder when 28098480 is divided by 1659.
1656
Calculate the remainder when 4301123 is divided by 251.
238
What is the remainder when 1026024 is divided by 51?
6
Calculate the remainder when 8424 is divided by 782.
604
Calculate the remainder when 2704109 is divided by 13255.
89
Calculate the remainder when 221091 is divided by 73553.
432
Calculate the remainder when 392700 is divided by 363.
297
What is the remainder when 24686 is divided by 2727?
143
What is the remainder when 658689 is divided by 54?
51
Calculate the remainder when 26840278 is divided by 465.
13
Calculate the remainder when 196170179 is divided by 14012155.
9
What is the remainder when 5749063 is divided by 61?
57
What is the remainder when 3511945 is divided by 728?
73
Calculate the remainder when 192863 is divided by 336.
335
Calculate the remainder when 14252345 is divided by 863.
763
Calculate the remainder when 1709134 is divided by 427271.
50
Calculate the remainder when 110203 is divided by 21984.
283
What is the remainder when 51645 is divided by 50332?
1313
What is the remainder when 1411309 is divided by 531?
442
What is the remainder when 2195860 is divided by 1123?
395
What is the remainder when 68872931 is divided by 1135?
1131
Calculate the remainder when 251834874 is divided by 2036.
2034
What is the remainder when 122420628 is divided by 997?
992
Calculate the remainder when 284458392 is divided by 25.
17
What is the remainder when 20727398 is divided by 1812?
1742
Calculate the remainder when 462010 is divided by 153998.
16
What is the remainder when 214918 is divided by 53585?
578
Calculate the remainder when 479514 is divided by 119877.
6
Calculate the remainder when 49071 is divided by 4807.
1001
What is the remainder when 271970 is divided by 54?
26
What is the remainder when 95631 is divided by 34?
23
Calculate the remainder when 37159630 is divided by 3805.
0
Calculate the remainder when 1716488 is divided by 254.
210
What is the remainder when 7186793 is divided by 4332?
5
Calculate the remainder when 4802998 is divided by 1600978.
64
What is the remainder when 57554276 is divided by 23?
19
Calculate the remainder when 52376 is divided by 4116.
2984
What is the remainder when 182966261 is divided by 25?
11
Calculate the remainder when 178647 is divided by 113.
107
What is the remainder when 17049917 is divided by 1217851?
3
Calculate the remainder when 522354 is divided by 130554.
138
Calculate the remainder when 98224318 is divided by 20.
18
Calculate the remainder when 614086 is divided by 61403.
56
Calculate the remainder when 4746741 is divided by 77.
76
What is the remainder when 62135349 is divided by 25?
24
Calculate the remainder when 1104531618 is divided by 5260.
5258
What is the remainder when 1295004 is divided by 3798?
3684
Calculate the remainder when 84853770 is divided by 589.
74
What is the remainder when 91775 is divided by 14953?
2057
Calculate the remainder when 7260571 is divided by 2420175.
46
Calculate the remainder when 4388901 is divided by 1665.
1626
What is the remainder when 52645432 is divided by 417?
16
Calculate the remainder when 9307869 is divided by 112143.
0
What is the remainder when 7322118 is divided by 1830529?
2
Calculate the remainder when 10769719 is divided by 18665.
14
Calculate the remainder when 21720 is divided by 10847.
26
Calculate the remainder when 207528 is divided by 103742.
44
What is the remainder when 29039899 is divided by 261?
256
What is the remainder when 175833 is divided by 2044?
49
Calculate the remainder when 2100340 is divided by 6909.
4
What is the remainder when 4852768 is divided by 30?
28
Calculate the remainder when 4266017 is divided by 948.
17
What is the remainder when 159853 is divided by 1837?
34
Calculate the remainder when 14862194 is divided by 17609.
198
What is the remainder when 62870131 is divided by 1939?
1934
What is the remainder when 269297 is divided by 178?
161
Calculate the remainder when 1566684 is divided by 959.
637
What is the remainder when 272408 is divided by 181?
3
What is the remainder when 18407254 is divided by 4050?
4
Calculate the remainder when 70107453 is divided by 7312.
7309
Calculate the remainder when 14559818 is divided by 14559808.
10
What is the remainder when 25399 is divided by 11200?
2999
What is the remainder when 26126232 is divided by 5225241?
27
What is the remainder when 18979 is divided by 2103?
52
Calculate the remainder when 30510786 is divided by 4385.
4341
What is the remainder when 1053923 is divided by 50?
23
What is the remainder when 4744636 is divided by 84?
64
What is the remainder when 12516686 is divided by 6258335?
16
What is the remainder when 40504 is divided by 274?
226
Calculate the remainder when 159105 is divided by 548.
185
What is the remainder when 12410778 is divided by 979?
974
Calculate the remainder when 586046 is divided by 586034.
12
Calculate the remainder when 767825 is divided by 383699.
427
What is the remainder when 7219 is divided by 13?
4
What is the remainder when 250910 is divided by 5871?
4328
What is the remainder when 781324 is divided by 25?
24
Calculate the remainder when 2791304283 is divided by 67.
64
Calculate the remainder when 1535491 is divided by 90323.
0
What is the remainder when 26356774 is divided by 3040?
3014
Calculate the remainder when 589374579 is divided by 4.
3
Calculate the remainder when 39358 is divided by 6469.
544
Calculate the remainder when 703146 is divided by 63908.
158
Calculate the remainder when 2100348 is divided by 195.
3
Calculate the remainder when 237591 is divided by 16964.
95
Calculate the remainder when 104937 is divided by 1670.
1397
What is the remainder when 368841 is divided by 183881?
1079
What is the remainder when 2435196 is divided by 2653?
2395
What is the remainder when 137708 is divided by 1177?
1176
Calculate the remainder when 86394 is divided by 14171.
1368
Calculate the remainder when 67103 is divided by 12201.
6098
Calculate the remainder when 19504 is divided by 1025.
29
Calculate the remainder when 70103 is divided by 69703.
400
Calculate the remainder when 441234 is divided by 734.
100
Calculate the remainder when 10284 is divided by 544.
492
What is the remainder when 28008957 is divided by 333?
327
Calculate the remainder when 47739 is divided by 22159.
3421
What is the remainder when 39322 is divided by 39275?
47
Calculate the remainder when 3438191 is divided by 1328.
1327
What is the remainder when 3171 is divided by 2774?
397
Calculate the remainder when 4724532 is divided by 1574844.
0
Calculate the remainder when 1619972 is divided by 1231.
1207
Calculate the remainder when 446421 is divided by 49106.
4467
Calculate the remainder when 11601 is divided by 5677.
247
What is the remainder when 561199 is divided by 4388?
3923
Calculate the remainder when 203273286 is divided by 11.
7
Calculate the remainder when 66058 is divided by 4548.
2386
Calculate the remainder when 203275 is divided by 67546.
637
Calculate the remainder when 59342 is divided by 1203.
395
What is the remainder when 12253 is divided by 11010?
1243
What is the remainder when 3209652 is divided by 39141?
90
What is the remainder when 1171340 is divided by 1715?
1710
Calculate the remainder when 8388676 is divided by 1677709.
131
Calculate the remainder when 10754972 is divided by 6049.
5899
What is the remainder when 1153697 is divided by 288420?
17
What is the remainder when 63318 is divided by 20314?
2376
Calculate the remainder when 983362 is divided by 3602.
16
Calculate the remainder when 42087265 is divided by 173.
171
Calculate the remainder when 4997943 is divided by 475.
468
What is the remainder when 50155 is divided by 230?
15
Calculate the remainder when 172284 is divided by 3445.
34
What is the remainder when 8498832 is divided by 151762?
160
Calculate the remainder when 55403115 is divided by 11080612.
55
Calculate the remainder when 7168827 is divided by 30636.
3
What is the remainder when 28921590 is divided by 155?
140
Calculate the remainder when 5254290 is divided by 9694.
1